v(u).
-4
Suppose f - 6 = -3*x - f, f - 3 = x. Let q = 27 + -23. Suppose x = -2*o + 2*m - q*m - 14, -m = 1. Let s(d) = -2*d + 5. Calculate s(o).
17
Let a(x) = -2*x**2 - 31*x - 101. Suppose 6912*w + 36 = 6903*w. Determine a(w).
-9
Let r(i) = 41*i + 42*i - 599 + 38*i - 108*i. Give r(46).
-1
Let c(g) = g**3 - 9*g**2 + 23*g - 27. Let n be 36/120 + (-6 - 468/(-40)). What is c(n)?
3
Suppose -5*d - 5 = -5*v, -7 = 2*d + 12*v - 9*v. Let r(x) = 19*x**2 + 5*x + 5. Calculate r(d).
71
Let d(k) = -k**2 - k - 18. Let c = -829 + 836. Suppose -c*g + 8*g = 6*g. Give d(g).
-18
Suppose 2*i = 2*m, -68*m + 4*i = -71*m. Let f(t) = -t**3 + 0*t**3 - 10 + 36. Calculate f(m).
26
Let x(b) = -b**3 + 3*b**2 - b. Let q(c) = -29*c**3 + 13*c**2 - 5*c + 1. Suppose 16*t = 5*t + 11. Let s(d) = t*q(d) - 4*x(d). Determine s(1).
-24
Let r = 118 + -112. Suppose -4*y + 3*z + r = 0, -5*z - 5 = -14*y + 9*y. Let f(i) = -i**2 - 3*i. Give f(y).
-18
Let n(s) be the first derivative of -s**3/3 + 11*s**2/2 + 34*s + 153. Determine n(13).
8
Let x(q) = 47086 - 23563 + 2*q**3 - 23546 - 23*q**2 + q**3 - 4*q. Determine x(8).
9
Let q(v) = 19*v - 40*v - 41 - 8 - 17 + 24*v. Give q(21).
-3
Let c(h) = 4*h + 10. Let m(w) = -5*w + 48. Let v(o) = 2*c(o) - m(o). Determine v(5).
37
Let m be 206/13 + (-138)/(-897). Let b = 14 - m. Let f(c) = 2*c**2 - 2*c**2 + 2*c**2 - c. What is f(b)?
10
Let w = -210568 - -210565. Let g(k) = k**3 + 3*k**2 - 5*k - 4. Let m be g(-4). Let j(u) = u**2 + 0*u**2 + u - 1 + m*u. Give j(w).
5
Let k(j) = j + 12. Let h be k(-10). Let b be (-7)/h*(0 + 2)*-1. Let v(f) = -3 + f**3 - 1 - 3*f + b*f**2 + f + 9*f. Calculate v(-6).
-10
Let h(a) = -a - 60042 + 60042 + 2*a. Calculate h(10).
10
Let s(d) be the first derivative of d**4 + d**3 - d + 709. Give s(-2).
-21
Let z(g) = -g**2 + 3*g + 2. Let h = 4197 - 4198. Calculate z(h).
-2
Let w(l) be the second derivative of -l**7/1260 - l**6/120 - l**5/60 - 7*l**4/12 - 62*l. Let q(i) be the third derivative of w(i). Calculate q(-4).
-10
Let f(g) = -2*g**2 - 17*g + 11. Let v be f(-9). Let m(x) = 0*x**2 - 2*x + 8*x**2 - 3 - 2*x**v + x**2. Calculate m(3).
54
Let i(k) = 13*k - 6. Suppose 5898*x - 5891*x + 4 = -3. What is i(x)?
-19
Let y(q) = -q**3 + 2*q**2 + 2*q - 4. Let s(p) = 3*p**2 - 82*p + 172. Let f be s(25). Calculate y(f).
35
Let t = -9531 - -9538. Let i(f) = 2*f**3 - 13*f**2 - 10*f + 19. Calculate i(t).
-2
Let c(t) = -t**2 + 8*t + 5. Let g(u) = -u**2 + 7*u - 9. Let d be g(4). Let l be -1 + -14 + d*1. Let s be -4 - -2 - (3 + l). What is c(s)?
12
Let r(o) = -o**2 - 5*o + 162. Let x be r(-15). Let g(b) = -7 - x + 0*b**2 + 10*b**2 + 7 - b**3 - 4*b + 0*b**3. Determine g(9).
33
Let f = 22 + -29. Let m be (5/(-1))/(7/f). Let d(o) = -5 + 2 + m*o - 5*o - o. What is d(7)?
-10
Let k(y) = y**3 - 19*y**2 + 16*y + 38. Let m be (-27 - -3)*9/(-4). Suppose 11*a - m = 8*a. Let b be k(a). Let q(w) = -2*w + 1. Determine q(b).
-3
Let j(q) = -q**3 + 24*q**2 + 21*q + 88. Let n be j(25). Let g(c) = -c**3 - 12*c**2 + c - 8. Determine g(n).
-20
Let x be (-580)/(-87) - (192/(-18))/(-4). Let g(q) = -q**2 + 9*q - 13. What is g(x)?
7
Let k(q) = q**2 + 9*q - 14. Let f be k(-10). Let o(z) = 25*z + 8. Let j(d) = -7*d - 2. Let h(g) = 14*j(g) + 4*o(g). Give h(f).
-4
Let n(l) = l**2 + 10*l - 19. Let z be n(-12). Let w(m) = z*m + m**2 - 4*m - 13 + 11 + 4*m. Determine w(-6).
4
Let h(l) = -2*l**2 + 27*l - 40. Let d be h(12). Let t(j) = 14*j + 59. Determine t(d).
3
Let b(g) be the first derivative of 5 + 2*g**3 + 1/4*g**4 + 4*g + 0*g**2. Suppose 0 = -2*v + 2*h - 8, -2*v - 4*h = -3 + 23. What is b(v)?
4
Let u(w) = -547*w - 41. Let x(n) = -193*n - 14. Let i(b) = 6*u(b) - 17*x(b). Determine i(-11).
3
Let v(u) = u**2 - 14*u + 48. Suppose 2*p - 3*d - 24 = 0, 3*p + 176*d - 173*d - 36 = 0. Determine v(p).
24
Let m(r) = -r**2 + 4*r - 6. Let j = -181 - -183. Let q(d) = 3*d - 2. Let u be q(j). What is m(u)?
-6
Let g = 21 + -13. Let b = -311 - -344. Let n(d) = -28 - 10*d + 9*d + b. Give n(g).
-3
Let f(n) = -n**3 + 2*n**2. Let c(r) = -2*r**3 + 20*r**2 + 3. Let s(p) = -c(p) + 3*f(p). Let m(w) = -8*w + 2. Let i be m(2). Give s(i).
-3
Let a(u) = 7*u - 11. Suppose 209*m = -149*m + 2864. Give a(m).
45
Suppose 83*s = -3*h + 78*s + 35, 2*h + 3*s = 22. Let v(l) = 2*l**2 - 11*l + 11. Determine v(h).
6
Let t(h) = -h**2 + 19*h + 21. Let c be t(16). Let p = -62 + c. Let u(d) = -p*d - 4 + 4*d**2 + 7 - d**3 + 7*d. Calculate u(4).
3
Let u(c) = -c**3 - 2*c**2 - 4*c - 2. Suppose l - 36 = 57. Let r = -88 + l. Suppose -h - 12 = r*h. Determine u(h).
6
Let i(n) = 32*n + 31. Let w(k) = -7*k - 8. Let h(l) = 2*i(l) + 9*w(l). Give h(3).
-7
Let f(r) = 11*r - 152. Suppose -293*l - 31*l - 1235 = -5771. What is f(l)?
2
Let y be (-7308)/(-24) - 6/(-4). Let f = -304 + y. Let u(z) = -4*z**3 + 2*z**2 + z - 4. Give u(f).
-26
Let x(u) = -3*u - 12. Let t = 261 - 264. Let n be -8 + ((-3)/t - -2). Calculate x(n).
3
Let l(h) = 2*h**3 + 30*h**2 + 19*h - 148. Let b(j) = -j**3 - 14*j**2 - 9*j + 65. Let c(a) = -7*b(a) - 3*l(a). What is c(-8)?
-59
Let d = -308 + 310. Let l(z) = -14*z**2 - 2 + 0*z**2 + 21*z**d + z**3 - 5 - z. Calculate l(-7).
0
Let y = -52136 + 52144. Let u(c) be the third derivative of -c**4/12 + 11*c**3/3 - c**2. What is u(y)?
6
Let g(c) = 25 + 6*c - 18 - 15 + 50 - 19. What is g(-10)?
-37
Let h(p) = 19*p - 49. Suppose 40*k - 35*k - 23 = 2*s, 10 = k + 5*s. Calculate h(k).
46
Suppose 3*l - 2 = 1, 3*c + l + 92 = 0. Let w = 19 + c. Let z be 3 + w/9*9/6. Let s(k) = -14*k**2 + 2*k - 1. What is s(z)?
-13
Let x(t) be the first derivative of -1/2*t**2 + 12 - 6*t. Give x(-4).
-2
Suppose 5*f - 3 = -4*d, 0 = 41*d - 46*d - f + 9. Let k(g) be the third derivative of g**6/40 - g**5/30 - g**4/24 - g**3/3 + 3*g**2. Calculate k(d).
12
Suppose -8*p = -0*p - 104. Let r = -9 + p. Let b(i) = -8*i**2 - i + 2. Let w(l) = -7*l**2 + 1. Let x(k) = -6*b(k) + 7*w(k). Determine x(r).
3
Let h(j) be the first derivative of -j**3/3 + 9*j**2/2 - 5*j - 8522. Determine h(9).
-5
Let h(m) = -65*m - 437. Let v be h(-7). Let g(u) = u**3 - 19*u**2 + 20*u - 22. What is g(v)?
14
Suppose -3*r - 15 = 0, 4*g + 5*r + 25 = -g. Let l(k) = g*k**2 + k**2 + 20 + k - 3. Let d = 4774 + -4774. Give l(d).
17
Let u(q) = -18*q**2 - 23*q - 12*q**2 - 20*q**2 + 48*q**2 - 19. What is u(-10)?
11
Let t(n) = 3*n**2 + 17*n. Let d(u) = u**3 + 2*u**2 - 265*u - 1028. Let k be d(-4). Determine t(k).
0
Let g(u) = 2*u - 2. Let q(b) = -10*b. Let s(n) = 11*n + 1. Let k(r) = 6*q(r) + 5*s(r). Let w = 0 - 3. Let c(y) = w*k(y) - 7*g(y). Determine c(-7).
-8
Let j(t) = -5*t + 1. Let a = -273 - -823. Let f = -555 + a. What is j(f)?
26
Let g(s) = s**3 - 9*s**2 - 10*s + 13. Let y be (-240)/(-72)*(-1 - -4). Give g(y).
13
Let f be 2 + -4 - 8*1. Let y(x) = x**3 + 11*x**2 + 11*x + 11. Let m(h) = 3*h**3 + 32*h**2 + 21*h + 22. Let w(o) = -2*m(o) + 5*y(o). Give w(f).
-19
Let j(m) = -m**2 - 14*m - 30. Suppose 0 = 2*a + 3*o + 34 - 11, 0 = -3*a - 5*o - 35. Calculate j(a).
10
Let d(o) = 7*o**3 - 7*o**2 - 21*o + 25. Let c(j) = j**3 + j**2 - j + 1. Let i(l) = 6*c(l) - d(l). Let n(q) = q**2 + 23*q + 14. Let f be n(-23). Determine i(f).
-5
Let n(b) = 7*b**2 - 13*b + 30. Let c(i) = 6*i**2 - 13*i + 24. Let z(t) = 8*c(t) - 7*n(t). Determine z(-9).
18
Let r(n) = -6*n**3 - n**2 + 1. Let q be (1 - 3/6)/((-1)/238). Let u = q + 120. Determine r(u).
-6
Suppose 0*h + 3*h = 18. Let y be (-3 + 9)/(h/(-4)). Let b(k) = 9*k + 5*k - 16*k + 3*k - 1 + 0. Calculate b(y).
-5
Let y(u) = 87 - 35*u - 2*u**2 + 98 - 206 + 0*u**2. What is y(-17)?
-4
Let t(z) = 72*z + 147. Let p be t(-2). Let u(d) = -d**3 + 2*d**2 - d - 4. Determine u(p).
-16
Let b be -4 - (-2 + -31) - -3. Let v = b - 29. Let n(p) = -3*p - 5*p**2 + p**2 + 3*p - p**v - 3*p. What is n(-3)?
0
Let n(p) = p**2 + 44*p - 92. Let y be n(-46). Let k(u) = u**3 + 3*u**2 + 4. Determine k(y).
4
Suppose 9*y = 99 - 189. Let i(w) = 32 + 28 - 56 + w. Determine i(y).
-6
Let t(k) = -k**3 + 35918 - 107763 + 35920 + 35922 - 12*k**2 - 33*k. Calculate t(-8).
5
Suppose 0 = -5*r - 4 + 169. Let k(d) = -28 - r*d + 29 + 32*d. Determine k(-1).
2
Let i(x) = -x**2 + 5*x - 2. Suppose -5*v - 3*t = 1 + 5, 5*v = 3*t + 6. Suppose 4*f + 16 = 4*j, 5*j + f - 5*f - 22 = v. Calculate i(j).
-8
Let j(v) = -v**2 + 9*v - 3. Let z(b) = b**2 + 11*b + 39. Let d = 211 + -216. Let h be z(d). Determine j(h).
-3
Let r(z) be 